7
List the prime factors of 5928.
2, 3, 13, 19
List the prime factors of 45199.
7, 11, 587
List the prime factors of 1348.
2, 337
What are the prime factors of 3277?
29, 113
What are the prime factors of 852?
2, 3, 71
List the prime factors of 1751.
17, 103
What are the prime factors of 1000?
2, 5
List the prime factors of 120.
2, 3, 5
What are the prime factors of 286?
2, 11, 13
What are the prime factors of 54427?
37, 1471
What are the prime factors of 43?
43
What are the prime factors of 25607?
29, 883
List the prime factors of 14128.
2, 883
List the prime factors of 977.
977
List the prime factors of 3631.
3631
List the prime factors of 3065.
5, 613
What are the prime factors of 21462?
2, 3, 7, 73
What are the prime factors of 4305?
3, 5, 7, 41
List the prime factors of 28075.
5, 1123
List the prime factors of 5223.
3, 1741
List the prime factors of 222.
2, 3, 37
What are the prime factors of 67370?
2, 5, 6737
List the prime factors of 1782.
2, 3, 11
What are the prime factors of 990?
2, 3, 5, 11
List the prime factors of 14337.
3, 59
List the prime factors of 33750.
2, 3, 5
What are the prime factors of 3092?
2, 773
What are the prime factors of 2528?
2, 79
List the prime factors of 179205.
3, 5, 13, 919
What are the prime factors of 4843?
29, 167
What are the prime factors of 698?
2, 349
What are the prime factors of 12810?
2, 3, 5, 7, 61
List the prime factors of 2021.
43, 47
What are the prime factors of 30615?
3, 5, 13, 157
List the prime factors of 71999.
71999
What are the prime factors of 3794?
2, 7, 271
List the prime factors of 455.
5, 7, 13
What are the prime factors of 16891?
7, 19, 127
List the prime factors of 882.
2, 3, 7
What are the prime factors of 12410?
2, 5, 17, 73
What are the prime factors of 53699?
53699
List the prime factors of 9029.
9029
What are the prime factors of 2323?
23, 101
List the prime factors of 6520.
2, 5, 163
What are the prime factors of 20395?
5, 4079
What are the prime factors of 6218?
2, 3109
What are the prime factors of 41780?
2, 5, 2089
What are the prime factors of 1688?
2, 211
List the prime factors of 32004.
2, 3, 7, 127
List the prime factors of 2857.
2857
What are the prime factors of 7176?
2, 3, 13, 23
What are the prime factors of 2956?
2, 739
List the prime factors of 2172.
2, 3, 181
List the prime factors of 7219.
7219
What are the prime factors of 458?
2, 229
List the prime factors of 367.
367
What are the prime factors of 4936?
2, 617
What are the prime factors of 17431?
17431
What are the prime factors of 9186?
2, 3, 1531
List the prime factors of 3895.
5, 19, 41
List the prime factors of 7419.
3, 2473
What are the prime factors of 8208?
2, 3, 19
List the prime factors of 85294.
2, 11, 3877
List the prime factors of 615.
3, 5, 41
List the prime factors of 4754.
2, 2377
List the prime factors of 17723.
37, 479
List the prime factors of 3774.
2, 3, 17, 37
What are the prime factors of 4850?
2, 5, 97
What are the prime factors of 8535?
3, 5, 569
What are the prime factors of 114264?
2, 3, 23
List the prime factors of 116111.
67, 1733
List the prime factors of 16783.
13, 1291
What are the prime factors of 21407?
21407
What are the prime factors of 2906?
2, 1453
What are the prime factors of 75933?
3, 11, 13, 59
List the prime factors of 6194.
2, 19, 163
List the prime factors of 5330.
2, 5, 13, 41
List the prime factors of 6244.
2, 7, 223
What are the prime factors of 11258?
2, 13, 433
List the prime factors of 1014.
2, 3, 13
What are the prime factors of 68074?
2, 101, 337
List the prime factors of 50877.
3, 5653
What are the prime factors of 11316?
2, 3, 23, 41
What are the prime factors of 55533?
3, 107, 173
List the prime factors of 1320.
2, 3, 5, 11
List the prime factors of 5389.
17, 317
What are the prime factors of 15427?
15427
List the prime factors of 2540.
2, 5, 127
List the prime factors of 1737.
3, 193
What are the prime factors of 162010?
2, 5, 17, 953
List the prime factors of 7567.
7, 23, 47
List the prime factors of 1084.
2, 271
What are the prime factors of 27?
3
List the prime factors of 2096.
2, 131
What are the prime factors of 7332?
2, 3, 13, 47
What are the prime factors of 1291?
1291
What are the prime factors of 64382?
2, 32191
What are the prime factors of 157582?
2, 78791
What are the prime factors of 4493?
4493
What are the prime factors of 44490?
2, 3, 5, 1483
What are the prime factors of 250?
2, 5
What are the prime factors of 22850?
2, 5, 457
List the prime factors of 945.
3, 5, 7
What are the prime factors of 40894?
2, 7, 23, 127
What are the prime factors of 74519?
43, 1733
List the prime factors of 5870.
2, 5, 587
List the prime factors of 2740.
2, 5, 137
What are the prime factors of 5091?
3, 1697
List the prime factors of 49482.
2, 3, 2749
What are the prime factors of 8798?
2, 53, 83
List the prime factors of 5677.
7, 811
List the prime factors of 2530.
2, 5, 11, 23
List the prime factors of 3585.
3, 5, 239
What are the prime factors of 3488?
2, 109
List the prime factors of 4015.
5, 11, 73
What are the prime factors of 3354?
2, 3, 13, 43
List the prime factors of 27740.
2, 5, 19, 73
List the prime factors of 43061.
17, 149
What are the prime factors of 138?
2, 3, 23
List the prime factors of 12393.
3, 17
List the prime factors of 6255.
3, 5, 139
What are the prime factors of 3157?
7, 11, 41
What are the prime factors of 16176?
2, 3, 337
What are the prime factors of 1446?
2, 3, 241
List the prime factors of 2479.
37, 67
List the prime factors of 29309.
7, 53, 79
List the prime factors of 567.
3, 7
List the prime factors of 193589.
11, 17599
What are the prime factors of 93376?
2, 1459
List the prime factors of 108392.
2, 17, 797
List the prime factors of 5929.
7, 11
What are the prime factors of 11378?
2, 5689
What are the prime factors of 990?
2, 3, 5, 11
What are the prime factors of 464?
2, 29
List the prime factors of 16306.
2, 31, 263
List the prime factors of 4978.
2, 19, 131
What are the prime factors of 4736?
2, 37
List the prime factors of 1319.
1319
List the prime factors of 26225.
5, 1049
List the prime factors of 1283.
1283
What are the prime factors of 315?
3, 5, 7
List the prime factors of 2388.
2, 3, 199
What are the prime factors of 18820?
2, 5, 941
What are the prime factors of 1889?
1889
List the prime factors of 1915.
5, 383
What are the prime factors of 10772?
2, 2693
List the prime factors of 2325.
3, 5, 31
What are the prime factors of 19101?
3, 6367
List the prime factors of 1249.
1249
What are the prime factors of 10917?
3, 1213
List the prime factors of 12022.
2, 6011
List the prime factors of 3505.
5, 701
What are the prime factors of 322?
2, 7, 23
List the prime factors of 9313.
67, 139
What are the prime factors of 77966?
2, 7, 5569
What are the prime factors of 12287?
11, 1117
List the prime factors of 5770.
2, 5, 577
What are the prime factors of 720?
2, 3, 5
List the prime factors of 20528.
2, 1283
What are the prime factors of 816?
2, 3, 17
What are the prime factors of 905?
5, 181
List the prime factors of 2944.
2, 23
What are the prime factors of 939?
3, 313
What are the prime factors of 602?
2, 7, 43
List the prime factors of 154567.
7, 71, 311
What are the prime factors of 34291?
53, 647
List the prime factors of 20645.
5, 4129
List the prime factors of 3211.
13, 19
List the prime factors of 672.
2, 3, 7
What are the prime factors of 53354?
2, 7, 37, 103
What are the prime factors of 34219?
19, 1801
List the prime factors of 214.
2, 107
List the prime factors of 14556.
2, 3, 1213
List the prime factors of 9271.
73, 127
List the prime factors of 2400.
2, 3, 5
What are the prime factors of 51471?
3, 7, 19, 43
List the prime factors of 734.
2, 367
List the prime factors of 61140.
2, 3, 5, 1019
List the prime factors of 9374.
2, 43, 109
List the prime factors of 33240.
2, 3, 5, 277
List the prime factors of 3734.
2, 1867
What are the prime factors of 26056?
2, 3257
List the prime factors of 836.
2, 11, 19
What are the prime factors of 2772?
2, 3, 7, 11
List the prime factors of 77124.
2, 3, 6427
What are the prime factors of 26?
2, 13
What are the prime factors of 7736?
2, 967
List the prime factors of 21423.
3, 37, 193
What are the prime factors of 1665?
3, 5, 37
What are the prime factors of 5602?
2, 2801
Lis